s 20 (base 3) in base 2?
110
What is -20 (base 8) in base 9?
-17
-3 (base 14) to base 5
-3
What is 1b (base 15) in base 12?
22
What is -11011 (base 2) in base 15?
-1c
Convert -4 (base 8) to base 6.
-4
Convert 0 (base 3) to base 2.
0
1 (base 3) to base 11
1
2 (base 8) to base 7
2
-10001 (base 2) to base 7
-23
207 (base 9) to base 7
331
What is 4 (base 9) in base 2?
100
What is 1 (base 4) in base 8?
1
25 (base 10) to base 14
1b
-2 (base 8) to base 5
-2
Convert d (base 14) to base 2.
1101
2 (base 3) to base 8
2
Convert -23 (base 13) to base 12.
-25
What is -2 (base 5) in base 10?
-2
Convert 12 (base 14) to base 16.
10
177 (base 16) to base 9
456
What is 140 (base 5) in base 12?
39
Convert 29 (base 10) to base 7.
41
-1 (base 15) to base 10
-1
What is 3 (base 5) in base 3?
10
a9 (base 12) to base 4
2001
Convert -5 (base 12) to base 15.
-5
Convert -1a (base 16) to base 2.
-11010
-10 (base 10) to base 7
-13
-1b0 (base 12) to base 11
-231
What is 45 (base 7) in base 2?
100001
-103 (base 9) to base 10
-84
-24 (base 7) to base 3
-200
Convert -6 (base 11) to base 14.
-6
What is -2 (base 4) in base 2?
-10
Convert 154 (base 8) to base 13.
84
-30 (base 6) to base 16
-12
-32 (base 16) to base 14
-38
Convert 3 (base 5) to base 12.
3
-83 (base 11) to base 5
-331
Convert 0 (base 11) to base 4.
0
What is -4 (base 12) in base 7?
-4
35 (base 9) to base 14
24
What is -2 (base 6) in base 2?
-10
What is 35 (base 12) in base 7?
56
100 (base 16) to base 12
194
-5 (base 12) to base 10
-5
Convert 2 (base 4) to base 16.
2
What is 76 (base 8) in base 16?
3e
Convert -4 (base 16) to base 8.
-4
What is 21 (base 7) in base 9?
16
What is -23 (base 7) in base 16?
-11
Convert 20 (base 3) to base 8.
6
-2201 (base 3) to base 13
-58
What is -49 (base 12) in base 14?
-41
-74 (base 13) to base 2
-1011111
Convert -1 (base 8) to base 4.
-1
7 (base 15) to base 7
10
9 (base 14) to base 15
9
3 (base 12) to base 8
3
Convert 2 (base 12) to base 13.
2
What is 106 (base 14) in base 6?
534
-2 (base 12) to base 3
-2
-30 (base 5) to base 9
-16
3 (base 5) to base 4
3
What is -4 (base 8) in base 13?
-4
Convert 48 (base 12) to base 7.
110
What is -6a (base 13) in base 15?
-5d
Convert 4 (base 16) to base 10.
4
-1 (base 7) to base 15
-1
Convert 2232 (base 4) to base 5.
1144
Convert 25 (base 11) to base 7.
36
257 (base 10) to base 3
100112
Convert 9b (base 14) to base 2.
10001001
What is -31 (base 6) in base 12?
-17
3 (base 11) to base 6
3
Convert -5b (base 15) to base 6.
-222
144 (base 13) to base 9
270
Convert 2232 (base 5) to base 11.
269
What is 1020 (base 5) in base 7?
252
-6 (base 8) to base 16
-6
1 (base 15) to base 8
1
What is 0 (base 9) in base 6?
0
What is 6 (base 9) in base 3?
20
Convert 222 (base 3) to base 16.
1a
What is 1 (base 9) in base 6?
1
299 (base 12) to base 4
12111
Convert 3 (base 5) to base 4.
3
Convert 43 (base 15) to base 6.
143
What is 1 (base 14) in base 11?
1
What is 24 (base 5) in base 9?
15
101 (base 2) to base 5
10
-1000 (base 4) to base 15
-44
-13 (base 5) to base 2
-1000
What is -1 (base 5) in base 14?
-1
What is 1 (base 9) in base 3?
1
-4 (base 11) to base 4
-10
What is -10020 (base 4) in base 10?
-264
-89 (base 10) to base 12
-75
Convert -50 (base 8) to base 7.
-55
What is 78 (base 9) in base 4?
1013
4 (base 9) to base 5
4
Convert -15 (base 11) to base 14.
-12
Convert -26 (base 15) to base 4.
-210
Convert 2021 (base 3) to base 9.
67
What is -e (base 16) in base 11?
-13
Convert 24 (base 9) to base 6.
34
Convert 4 (base 14) to base 4.
10
What is -445 (base 8) in base 11?
-247
Convert 1021 (base 5) to base 3.
12001
What is 37 (base 11) in base 10?
40
Convert -1 (base 4) to base 2.
-1
What is -87 (base 14) in base 3?
-11102
Convert 1001000 (base 2) to base 14.
52
Convert 210 (base 8) to base 12.
b4
Convert 2c (base 13) to base 12.
32
Convert -3c (base 16) to base 11.
-55
1 (base 14) to base 16
1
What is 1 (base 14) in base 13?
1
-1 (base 16) to base 4
-1
-11220 (base 3) to base 6
-340
5 (base 14) to base 13
5
Convert 10 (base 6) to base 14.
6
-20 (base 4) to base 9
-8
What is -20 (base 12) in base 2?
-11000
Convert -26 (base 7) to base 12.
-18
Convert -100002 (base 3) to base 10.
-245
What is 4 (base 6) in base 4?
10
What is -38 (base 10) in base 4?
-212
12 (base 12) to base 15
e
What is -62 (base 11) in base 15?
-48
-101 (base 8) to base 16
-41
What is -6 (base 8) in base 3?
-20
Convert -1 (base 11) to base 3.
-1
42 (base 8) to base 4
202
Convert b (base 15) to base 9.
12
24 (base 10) to base 12
20
1 (base 8) to base 15
1
What is 2 (base 11) in base 9?
2
What is 11011 (base 3) in base 2?
1110000
What is 237 (base 13) in base 4?
12000
What is 30 (base 4) in base 10?
12
-51 (base 7) to base 5
-121
-33 (base 4) to base 3
-120
What is -11130 (base 4) in base 16?
-15c
What is -2 (base 7) in base 2?
-10
10001 (base 2) to base 15
12
Convert 5 (base 10) to base 16.
5
-1100000 (base 2) to base 10
-96
What is a (base 12) in base 14?
a
What is 5 (base 13) in base 4?
11
What is 8 (base 16) in base 3?
22
Convert -78 (base 10) to base 14.
-58
What is 242 (base 5) in base 10?
72
-2 (base 10) to base 3
-2
What is 2 (base 11) in base 10?
2
Convert 2 (base 9) to base 6.
2
Convert 3 (base 12) to base 5.
3
Convert 144 (base 5) to base 16.
31
What is 13a (base 15) in base 7?
550
-126 (base 11) to base 6
-405
Convert -33 (base 6) to base 15.
-16
-53 (base 11) to base 2
-111010
Convert 12 (base 6) to base 13.
8
Convert 82 (base 10) to base 13.
64
Convert -221 (base 5) to base 3.
-2021
Convert 6 (base 11) to base 4.
12
What is 200 (base 3) in base 13?
15
Convert 1111 (base 2) to base 9.
16
What is -32 (base 9) in base 15?
-1e
Convert 6 (base 8) to base 13.
6
-1100110 (base 2) to base 9
-123
Convert -2 (base 3) to base 7.
-2
Convert 16 (base 12) to base 9.
20
What is 2 (base 15) in base 13?
2
-10 (base 16) to base 10
-16
What is 23 (base 4) in base 7?
14
Convert -4 (base 10) to base 6.
-4
4 (base 11) to base 16
4
22 (base 9) to base 10
20
What is 10 (base 12) in base 6?
20
57 (base 8) to base 15
32
Convert -46 (base 15) to base 8.
-102
Convert 0 (base 9) to base 5.
0
37 (base 16) to base 15
3a
What is 152 (base 7) in base 4?
1112
Convert -141 (base 12) to base 16.
-c1
Convert -10011000 (base 2) to base 11.
-129
16 (base 9) to base 2
1111
What is -80 (base 9) in base 10?
-72
What is 0 (base 4) in base 9?
0
Convert -18 (base 16) to base 7.
-33
What is 6 (base 15) in base 10?
6
-103 (base 5) to base 15
-1d
What is 52 (base 11) in base 13?
45
3 (base 16) to base 4
3
What is 2 (base 4) in base 15?
2
1111 (base 2) to base 14
11
1 (base 2) to base 4
1
What is -3 (base 7) in base 2?
-11
Convert 20 (base 12) to base 6.
40
Convert 181 (base 14) to base 8.
465
What is -2 (base 14) in base 16?
-2
What is 1f (base 16) in base 14?
23
Convert 32 (base 4) to base 15.
e
What is 20 (base 11) in base 9?
24
36 (base 9) to base 8
41
What is -11 (base 5) in base 2?
-110
6 (base 8) to base 5
11
Convert -6d (base 16) to base 15.
-74
12 (base 4) to base 6
10
What is -4 (base 9) in base 3?
-11
10101 (base 2) to base 16
15
What is 1 (base 6) in base 2?
1
145 (base 7) to base 8
122
-1b (base 14) to base 9
-27
What is -2 (base 12) in base 7?
-2
-232 (base 4) to base 9
-51
What is -3 (base 5) in base 13?
-3
What is 4 (base 10) in base 3?
11
Convert -b (base 12) to base 16.
-b
Convert -4 (base 11) to base 16.
-4
Convert -69 (base 13) to base 11.
-7a
Convert -8 (base 9) to base 16.
-8
-4 (base 7) to base 10
-4
-100 (base 2) to base 12
-4
What is 3 (base 15) in base 11?
3
-53 (base 6) to base 7
-45
What is 1 (base 15) in base 14?
1
-6 (base 7) to base 10
-6
Convert -46 (base 7) to base 8.
-42
Convert 35 (base 14) to base 6.
115
What is 2 (base 16) in base 9?
2
Convert 3 (base 6) to base 10.
3
-2 (base 13) to base 4
-2
3 (base 11) to base 7
3
Convert 22 (base 5) to base 12.
10
Convert 112 (base 7) to base 6.
134
Convert -1 (base 14) to base 16.
-1
Convert 1 (base 16) to base 10.
1
What is -67 (base 16) in base 11?
-94
What is -2 (base 3) in base 2?
-10
What is 2 (base 10) in base 16?
2
b (base 13) to base 11
10
8 (base 10) to base 8
10
-9 (base 10) to base 14
-9
1 (base 5) to base 2
1
-23 (base 5) to base 9
-14
What is 0 (base 6) in base 5?
0
What is -1 (base 2) in base 9?
-1
What is 42 (base 11) in base 5?
141
Convert 37 (